
22
Let w(v) = 4322*v - 1449*v - 1431*v - 6*v**2 - 1434*v - v**3 + 6. Let d = -14 - -2. Let n be (-3)/d + (-58)/8. Give w(n).
-1
Let x(r) = 2*r**2 - r + 1. Let v(m) = -m**3 + 26*m**2 - 27*m + 10. Let f(j) = v(j) - 7*x(j). What is f(10)?
3
Let r(u) = -9*u**3 - 3*u**2 + 2*u - 3. Let n(v) = 26*v**3 + 10*v**2 - 6*v + 10. Let q(w) = 2*n(w) + 7*r(w). Suppose -71 - 22 - 97 = 77*b - 267. Determine q(b).
-11
Let f(l) = 503*l**2 - 157*l - 55. Let j(r) = 303*r**2 - 78*r - 28. Let p(s) = 3*f(s) - 5*j(s). What is p(-13)?
14
Let a(f) = 2*f**3 - 10*f**2 - 26*f - 4. Let v be a(-2). Let d(t) = t**3 + 11*t**2 + 26*t + 11. Give d(v).
-5
Let h(s) be the first derivative of 2*s**3/3 - 3*s**2/2 + 2*s - 578. Give h(2).
4
Let p(x) be the second derivative of x**4/6 + x**3/3 + x**2/2 - x. Let v = -1223 - -1221. Give p(v).
5
Let d(o) be the first derivative of 1/2*o**2 + 6*o - 1. Suppose 3*m = 14 + 4. What is d(m)?
12
Let g(p) be the first derivative of -p**5/60 + 5*p**4/12 - 2*p**3/3 - 49*p**2/2 + 30. Let s(d) be the second derivative of g(d). Give s(9).
5
Let l be (-2)/(56/(-12) - -4). Suppose 11*i - l*i - 16 = 0. Let y(n) = 1 + n**3 - 2*n**i - n - 3 + 2. What is y(3)?
6
Let w(j) = -2*j**2 - 27*j - 11. Let a be (-2)/(-22)*(-9 - -20)*-12. Calculate w(a).
25
Let l(y) = 10*y + 113. Let s = 8719 - 8730. Give l(s).
3
Let v be (-7)/(7/(-4)) + 2. Let j(i) = 2*i**2 - 5*i - 57. Let l(z) = -9. Let c(x) = j(x) - 6*l(x). Determine c(v).
39
Let c(r) = -7*r + 34. Suppose -3*j + 4*v + 12 = 0, -60*j - 4 = -61*j - 4*v. What is c(j)?
6
Let a(o) = 6*o**2 - 5*o + 2. Let k be a(-2). Let x(b) = -b**2 + k*b - 29*b + 0 - 3. Let g be x(6). Let y(c) = -c**3 + 3*c**2 - 2*c + 3. Calculate y(g).
-3
Let y(a) = 2*a**2 + 13*a + 6. Suppose -13 = 18*j + 23. Let l be (-2 + 8)/(j + 4) - -3. Let w(b) = -b**2 - 7*b - 3. Let h(n) = l*y(n) + 11*w(n). What is h(4)?
23
Let d(r) be the third derivative of r**7/2520 + 7*r**5/60 + r**3/2 + 218*r**2. Let s(t) be the third derivative of d(t). What is s(5)?
10
Let j(g) = 2*g**3 - 79*g**2 + 165*g - 160. Let k(t) = -t**3 + 39*t**2 - 82*t + 79. Let w(h) = -6*j(h) - 11*k(h). Determine w(43).
5
Suppose -x + 580 = -4*b - 0*x, 5*x = -4*b - 556. Let h = b - -14. Let g be ((-4)/(-10))/1 - (-312)/h. Let q(n) = -n**2 + n + 1. What is q(g)?
-5
Let t(g) = -g**3 + 6*g**2 - 6*g + 4. Suppose 33*a = 3*n + 34*a - 124, a + 156 = 4*n. Let d be 10/n*-2 + 11/2. Calculate t(d).
-1
Let c(h) = 14 - 59 - h + 16 + 11 + 14. What is c(6)?
-10
Let j(b) = -2 - 8*b + 0 + 0. Let g(v) be the third derivative of v**6/60 - 19*v**5/30 - v**4/24 + 17*v**3/6 + 28*v**2. Let a be g(19). Give j(a).
14
Let p(w) be the third derivative of -w**4/8 - 5*w**3/3 + 2*w**2. Let v(g) = -2*g**3 - 22*g**2 - 60*g - 11. Let y be v(-6). Calculate p(y).
23
Let c(i) = -i**3 - 8*i**2 - 11*i + 2. Suppose 0 = 3*g - 4*g - 3*u - 12, 0 = 5*g - 5*u. Calculate c(g).
-10
Let q = 1 - -3. Suppose 8 = -2*f - q*r, 5*r + 24 = 3*f - 8. Let t(v) be the first derivative of v**2/2 - 7*v + 4092. Determine t(f).
-3
Let o(j) = 6*j + 23. Let h(i) = -3*i - 11. Let v(b) = 7*h(b) + 3*o(b). Let y(x) = -x + 16. Let z be y(-8). Let u = 18 - z. What is v(u)?
10
Let g be 27/36*72/(-54). Let o(x) = -4*x**3 - x**2 - 2*x - 2. Give o(g).
3
Let j = 33079 - 33072. Let z(g) = g**3 - 8*g**2 + 6*g + 2. Calculate z(j).
-5
Let w be 4/(-22) + 19 + (-21192)/(-33). Let c = 666 - w. Let g(o) be the first derivative of o**4/4 - 5*o**3/3 + o**2 - 7*o + 1. Calculate g(c).
3
Let q(f) = 35*f + 1. Let u(t) = 11*t - 1. Let v(y) = -q(y) + 2*u(y). Let l be (-9)/9 - (-1)/(-1). What is v(l)?
23
Let v = -95 + 104. Let p(y) = 3*y - 29. Let r be p(v). Let i(b) = 82*b**2 + b + b - 81*b**2 + b**3 + 3. Determine i(r).
-5
Let j(c) be the third derivative of -3*c**4/8 - 14*c**2. Let n(x) = -38*x - x + 11*x. Let a(l) = -16*j(l) + 5*n(l). Give a(-4).
-16
Let y(n) be the second derivative of -n**4/12 + 5*n**3/3 + 26*n**2 + 14*n + 113. Calculate y(12).
28
Suppose -u = 2*u. Let i = -5 + u. Let s(r) be the second derivative of -r**3/2 - 7*r**2/2 + 3*r + 32. What is s(i)?
8
Let q(v) = 75*v - 87. Let s(c) = -3*c + 1. Let a(w) = -q(w) - 24*s(w). Determine a(10).
33
Let o(b) = 4*b - 2. Let u be 0/2 + 30 + -214. Let d = 185 + u. What is o(d)?
2
Suppose 369*i - 326*i = 1161. Let g(o) = 2*o**2 - 48*o - 143. What is g(i)?
19
Let u(p) = 374 + p - 810 + 403. Determine u(14).
-19
Suppose 8*l - 4*l = 5*f + 1, 0 = -3*f + 9. Let a(c) = 10*c + 1 - 3*c + 2 - c**3 + l*c**2 - 10*c. Give a(3).
3
Let r(o) = 55*o**2 + 8*o**3 - 10*o**3 - 27*o**2 - o - 29*o**2. Let z(a) = -a**2 + 16*a - 11. Let t be z(15). Let b = t + -5. Give r(b).
2
Let z(j) = -j**2 + 2*j + 5. Suppose -88*q + 108 = -332. Give z(q).
-10
Let d(t) = -212*t**3 - 6*t**2 + 3*t. Let z(g) = 989*g**3 + 29*g**2 - 15*g. Let v(m) = 14*d(m) + 3*z(m). Let j = 8 - 6. What is v(j)?
-2
Let t(k) = 3*k - 1. Let l = 64 + -61. Let z be -5*(-1 + (-3)/(-5))*l. Suppose -4*o = -o + z. What is t(o)?
-7
Let d(x) be the third derivative of x**6/15 - x**5/15 - x**4/8 + 5*x**3/6 + 500*x**2. Calculate d(2).
47
Let s(q) = -q**2 - 19*q - 82. Let c(w) = 1059*w + 15879. Let k be c(-15). Determine s(k).
-4
Let w(g) = 2*g - 2*g - 3*g + 12*g + 59 + 89. Give w(-15).
13
Let c(j) = j**2 - 2*j + 24. Let v be 0*(4/(-1))/4. What is c(v)?
24
Let m(d) = 7*d**3 - 8*d**2 - 11*d - 17. Let s(a) = -13*a**3 + 14*a**2 + 21*a + 33. Let t(y) = -15*m(y) - 8*s(y). Let w = -39 + 46. Calculate t(w).
19
Suppose -19 = -2*u - 3*m, 137*u - 2*m + 16 = 135*u. Let n(j) = 1 - 3*j - 3 + 1. Let y(g) = -1. Let l(d) = u*n(d) - 2*y(d). Calculate l(4).
15
Let a(h) = 9*h**2 + 1. Let l(m) = m**3 + 17*m**2 + 29*m - 11. Let w be l(-15). Suppose 5*s - 11 = w*o, -3*o + 2*s + 2 = 5. Determine a(o).
10
Suppose 3*l = 5*d - 7, -l - 4*d = -6*d + 3. Let i(m) = m. Let b = -7 + 10. Let c(s) = -s**2 - 11*s + 7. Let y(a) = b*i(a) + l*c(a). Calculate y(-7).
14
Let l(c) be the third derivative of c**7/840 + c**6/90 - c**5/24 - c**4/4 - 51*c**3/2 + 4*c**2 - 7*c. Let a(g) be the first derivative of l(g). Give a(-5).
-6
Let n(q) = -58*q - 16. Let x(r) = 149*r + 34. Let c(b) = -5*n(b) - 2*x(b). Calculate c(2).
-4
Let u(z) = 11 + 18 + 9 + 10 + 25*z - 6. Give u(-5).
-83
Let g(a) = 4*a - 7. Let i(y) = 3*y**2 + 9*y + 70. Let t(m) = -m**2 + 4*m. Let w(u) = -i(u) - 2*t(u). Let r be w(-10). Determine g(r).
-7
Suppose 5*t = 2*t + 39. Let s = -1295 - -1296. Let c(d) = -s + d + 0 - 8*d**3 + t*d**3. Determine c(1).
5
Let b(k) = -3*k + 36. Let u(s) = -9*s - 199. Let i be u(-23). Give b(i).
12
Let a(h) = 3*h**3 + h**2 + h - 2. Let i(m) = -2*m**2 - 23*m - 10. Let r be i(-9). Let q = 36 - r. What is a(q)?
3
Let d(h) be the second derivative of h**3/6 + 6*h**2 + 40*h - 5. Give d(-2).
10
Let y(g) = 6*g**3 + 23*g**2 - 31*g + 11. Let j(i) = -29*i**3 - 113*i**2 + 158*i - 57. Let p(a) = 5*j(a) + 24*y(a). Give p(-16).
11
Let c(o) = 27*o + 29. Let i be c(-1). Let z(t) be the second derivative of -1/20*t**5 - t**i - 1/2*t**4 + 31*t + 0 - 1/6*t**3. What is z(-6)?
4
Suppose 9*d - 23 = 4. Suppose -7*t = -d*t - 12. Let s(k) be the first derivative of -k**4/4 + 2*k**3/3 + 3*k**2/2 + 11. Give s(t).
0
Let v(d) = -2*d + 12. Let j be v(8). Let k(g) = -21*g - 234 - 20*g + 228 + 38*g. Give k(j).
6
Let i(t) = -t**3 + 2*t**2 - 6. Let v be i(0). Let g(d) be the first derivative of -d**4/4 - 7*d**3/3 - 5*d**2/2 + d - 313. What is g(v)?
-5
Let l(k) = 51*k - 8. Let p(o) = 17*o - 3. Let u(a) = -4*l(a) + 11*p(a). Suppose 24*y = -28*y - 52. Give u(y).
16
Let g(k) = 1. Let y(c) = c + 3. Let w(q) = -4*g(q) - y(q). Suppose 5*j - 503 = -5*u - 523, -4*u - 56 = -4*j. What is w(u)?
2
Let v(s) = 47*s - 3624. Let n be v(77). Let t(o) = -o**2 - 2*o + 3. Calculate t(n).
-12
Let z(i) = 11*i - 14. Let h(r) = -4*r + 5. Let n = -59 - -53. Let s be (-52)/(-3) + 2/n. Let j(a) = s*h(a) + 6*z(a). Give j(4).
-7
Let s(g) = g**3 + 8*g**2 - 14*g - 12. Suppose 25*j + 306 = 81. Determine s(j).
33
Let q(b) = -5*b + 44. Let v(k) = -11*k + 99. Let h(j) = 9*q(j) - 4*v(j). Let x(r) = r**3 + 7*r**2 + 5*r - 3. Let s be x(-6). Let d = 4 - s. What is h(d)?
-1
Let r(b) = 3*b - 5. Let h(m) = 4*m - 6. Let y(q) = 4*h(q) - 6*r(q). Let c be (-1)/(((-2)/18)/((-112)/168)). What is y(c)?
18
Let h(g) = -4*g - g - 4*g + 11*g - 7. Suppose -31 = -5*o - i, -13 = o - 3*o - i. Give h(o).
5
Let s be (-12)/27*126/(-14). Let w(